composite?
True
Is 852864511 prime?
False
Is 5174463547 composite?
True
Is 4390247021 a prime number?
False
Is 5410130569 composite?
False
Is 265721137823 composite?
False
Is 12772871 a composite number?
False
Is 28804802435 composite?
True
Is 8696342755 a composite number?
True
Is 11088089009 a composite number?
True
Is 21095149963 a prime number?
True
Is 20659310471 composite?
False
Is 2475634703 a prime number?
True
Is 14729114999 a composite number?
True
Is 596302717 a prime number?
False
Is 391980803 a composite number?
False
Is 7116302779 a composite number?
True
Is 1550320939 composite?
False
Is 38843242043 composite?
True
Is 750376303 a prime number?
True
Is 1227996743 composite?
True
Is 163658939 composite?
False
Is 167568137489 prime?
False
Is 6423481 a prime number?
True
Is 39718793 a prime number?
True
Is 4299843283 prime?
False
Is 508945109 prime?
True
Is 25672234789 a composite number?
False
Is 1554693593 composite?
True
Is 30996347653 composite?
False
Is 1203114167 a prime number?
True
Is 187966921 a prime number?
False
Is 1592651363 composite?
True
Is 696560533 prime?
False
Is 694047217 prime?
True
Is 943684603 a prime number?
False
Is 698987681 a composite number?
True
Is 15474059 composite?
False
Is 41201391863 prime?
True
Is 1276792379 composite?
True
Is 4459540091 a prime number?
True
Is 50316942959 a composite number?
True
Is 1474722217 composite?
True
Is 124398221 a prime number?
True
Is 3140707849 a composite number?
True
Is 11551635659 a composite number?
False
Is 53749162969 composite?
False
Is 40588558903 prime?
False
Is 1182405149 a prime number?
False
Is 6554758237 prime?
False
Is 6510630551 a prime number?
False
Is 2852260003 prime?
False
Is 5135263745 prime?
False
Is 5152972709 prime?
True
Is 10860931387 a prime number?
True
Is 2038258279 prime?
True
Is 698660507 prime?
False
Is 2354468183 a composite number?
True
Is 43837185109 a composite number?
True
Is 2524166573 a composite number?
False
Is 903488241 a composite number?
True
Is 30915202679 a prime number?
False
Is 8536347877 composite?
False
Is 163751914591 prime?
True
Is 16183442881 prime?
False
Is 4551916799 prime?
True
Is 7988943829 prime?
False
Is 146671573 prime?
True
Is 508534753327 a composite number?
False
Is 195897370711 a prime number?
False
Is 9911221781 a prime number?
True
Is 193355429 a prime number?
True
Is 63374518651 composite?
False
Is 33179428417 a composite number?
False
Is 44933731133 prime?
True
Is 633623083 a composite number?
True
Is 1767906649 a composite number?
True
Is 2020067941 a prime number?
True
Is 5754122219 a composite number?
False
Is 6473238953 a prime number?
False
Is 3272809597 a composite number?
True
Is 510901577 a prime number?
True
Is 810347611 prime?
True
Is 1838182597 composite?
True
Is 3729935743 a prime number?
True
Is 10610001371 prime?
True
Is 6135505273 composite?
False
Is 25168345 a prime number?
False
Is 14440863097 a composite number?
True
Is 99824976449 composite?
True
Is 10709559673 a prime number?
True
Is 430479463 a composite number?
False
Is 4134311837 composite?
False
Is 2667607 prime?
False
Is 320682709 a composite number?
False
Is 30168018021 prime?
False
Is 94496851699 a composite number?
False
Is 1811172079 prime?
True
Is 4152992559 a composite number?
True
Is 518677703 prime?
False
Is 2144696413 a prime number?
False
Is 21998800147 composite?
False
Is 1034222201 prime?
False
Is 108379919127 prime?
False
Is 1061394637 prime?
False
Is 283961609 composite?
False
Is 5980125367 prime?
False
Is 55656719 a composite number?
True
Is 9790774241 prime?
False
Is 15495865403 a composite number?
True
Is 30698879 a prime number?
True
Is 33766768969 a composite number?
False
Is 13008458063 a composite number?
False
Is 10799554303 composite?
True
Is 58036207 a prime number?
True
Is 76845979477 prime?
True
Is 227367989 a composite number?
True
Is 2101599491 a prime number?
True
Is 14954832961 prime?
True
Is 110080767 a composite number?
True
Is 594393941 composite?
False
Is 140721547 a prime number?
False
Is 951924671 composite?
True
Is 6020041231 prime?
True
Is 46562872651 composite?
True
Is 622416491 prime?
True
Is 543874097 composite?
True
Is 383040561543 a prime number?
False
Is 28400363179 a prime number?
True
Is 24666463007 a prime number?
True
Is 6466070953 a composite number?
False
Is 3142950781 composite?
False
Is 3106727557 composite?
False
Is 1955070847 a composite number?
False
Is 48366213967 composite?
False
Is 513766261 composite?
True
Is 32109343363 composite?
True
Is 6847784497 prime?
True
Is 17078969707 a composite number?
True
Is 3554809487 prime?
True
Is 11558297159 a composite number?
True
Is 222975531398 composite?
True
Is 662610149 prime?
True
Is 296769919 a composite number?
False
Is 31059873863 a composite number?
False
Is 19524021251 a composite number?
True
Is 13228025087 composite?
True
Is 7123621057 a composite number?
True
Is 1908836987 a prime number?
True
Is 16982297571 a composite number?
True
Is 773807093 composite?
False
Is 2577290317 a prime number?
False
Is 5751553781 composite?
True
Is 1090331917 composite?
False
Is 71973203729 prime?
False
Is 5586319861 a prime number?
True
Is 1355954473 a composite number?
False
Is 156621851699 prime?
True
Is 310723741561 composite?
True
Is 32265047743 a prime number?
True
Is 301272427 a prime number?
True
Is 91131636509 composite?
False
Is 255951043 prime?
True
Is 14536327523 a prime number?
False
Is 1260357017 prime?
False
Is 6177624979 prime?
False
Is 14479795523 prime?
True
Is 266325263 prime?
False
Is 72234199351 prime?
True
Is 1013746759 prime?
True
Is 4574876429 prime?
False
Is 364823339 composite?
True
Is 58710026821 prime?
True
Is 329127586 a prime number?
False
Is 26823205741 a prime number?
False
Is 17862237903 composite?
True
Is 1029359291 composite?
False
Is 1932960713 a prime number?
True
Is 17707447439 a composite number?
True
Is 116694401 prime?
True
Is 269829489383 a composite number?
False
Is 27022677883 a composite number?
False
Is 1652384399 a prime number?
True
Is 5604800111 a composite number?
True
Is 67026960253 a composite number?
True
Is 1409335409 prime?
True
Is 16501013 a prime number?
False
Is 129936871 a prime number?
False
Is 18539809913 a prime number?
True
Is 2771357583 a prime number?
False
Is 254612079989 composite?
False
Is 7596208027 a composite number?
True
Is 439653871 a composite number?
False
Is 4829873071 prime?
True
Is 782442967 composite?
False
Is 681609701 prime?
True
Is 66901619329 prime?
True
Is 3216107 prime?
True
Is 1779282959 composite?
True
Is 4572703199 a prime number?
False
Is 11985866291 composite?
True
Is 479559749 prime?
False
Is 7555948073 composite?
False
Is 18174540205 prime?
False
Is 572442973 a composite number?
False
Is 246494207 a composite number?
True
Is 6682207739 prime?
False
Is 204230309 prime?
False
Is 18757961 a prime number?
True
Is 38935121629 prime?
False
Is 547662029 composite?
False
Is 282060551 a prime number?
True
Is 27529317533 composite?
True
Is 2291916145 a prime number?
False
Is 9438071563 composite?
False
Is 103125493103 composite?
False
Is 1045234873 composite?
False
Is 601299719 prime?
True
Is 9701621561 a prime number?
True
Is 2141960351 prime?
True
Is 983146859 a prime number?
True
Is 1003452811 a composite number?
True
Is 946835795 composite?
True
Is 699188429 a composite number?
True
Is 33590266553 a composite number?
False
Is 302691329 a prime number?
True
Is 5247508621 composite?
False
Is 62929730389 a prime number?
True
Is 622044103 composite?
False
Is 136883441 composite?
True
Is 956541701 composite?
False
Is 1818266119 a composite number?
True
Is 3066863413 prime?
False
Is 4398202343 prime?
True
Is 16391321039 prime?
True
Is 50548425061 a composite number?
False
Is 1945356941 composite?
True
Is 17855774327 a prime number?
True
Is 25479809753 a composite number?
False
Is 403742189 prime?
True
Is 4770432449 prime?
True
Is 7168078981 a composite number?
True
Is 6640168807 composite?
False
Is 152931913 composite?
True
Is 1777324067 a prime number?
False
Is 7952390039 a prime number?
False
Is 9652023367 composite?
True
Is 4855149581 composite?
False
Is 1160986613 a composite number?
False
Is 8784699215 a composite number?
True
Is 33127176503 composite?